der when u is divided by z.
12
Let f be 1/(-2 - (-177)/89). Let r = 103 + f. Calculate the remainder when 84 is divided by ((-49)/r + (-4)/2)*-2.
7
Let k(o) = -3*o**2 - 25*o + 19. What is the remainder when k(-7) is divided by 22?
3
Suppose 0 = -4*a + 4*r + 240, 31 = 5*a + 4*r - 278. Suppose a = -5*b - 64. What is the remainder when 49 is divided by b/(2 + (-12)/4)?
24
Suppose 0 = -3*u - 3*m + 168, -4*u + 71 = -5*m - 126. Let c(y) = -y**3 + 3*y - 3. Calculate the remainder when u is divided by c(-3).
8
Suppose 3*y + 4*d = -1543, -2*d + 2579 = -5*y - 5*d. Let l = 618 + y. What is the remainder when l is divided by 22?
13
Let o = 262 - 258. Suppose -o*n = 3*d - 54, d + 5 - 31 = -2*n. Let b = 52 + -19. Calculate the remainder when b is divided by n.
9
Let g = 6519 + -6163. Calculate the remainder when g is divided by 273.
83
Let x(f) = -2*f - 6 + 0 - 2*f + 8*f. Let n = 294 + -267. What is the remainder when n is divided by x(4)?
7
Let r = -409 - -200. Let m = r - -326. Calculate the remainder when m is divided by 7.
5
Suppose -5*z + 295 = 5*x, 3*x - 75 = -z - 6. Calculate the remainder when 966 is divided by z.
48
Let a be 3/15 - ((-156)/(-20))/(-1). Calculate the remainder when 3/(84/a) - (-9198)/49 is divided by 19.
17
Let u(o) = -o**2 - 4*o + 17. Let a be u(8). Calculate the remainder when a/10*4*65/(-26) is divided by 23.
10
Let y = 573 + -982. Let l = -376 - y. What is the remainder when 68 is divided by l?
2
Let x(s) = s**2 - 20*s - 19. Let w(l) = -3*l**2 + 59*l + 56. Let j(f) = 6*w(f) + 17*x(f). Let b = -16 + 63. What is the remainder when b is divided by j(14)?
8
Let p(x) = 68*x + 2525. Calculate the remainder when p(-25) is divided by 123.
87
Let z(g) = 2*g**2 + 15*g - 15. Let f be z(-9). Let i(a) = -a**3 + 12*a**2 + 5*a + 12. What is the remainder when i(f) is divided by 34?
4
Let b(g) = -14*g + 150 - 10*g + 20*g - 32. What is the remainder when b(-10) is divided by 42?
32
Calculate the remainder when 3997 is divided by (-12)/(-15)*(-450)/(-36).
7
Suppose 0 = -4*i + 5*i. Suppose -30 = -5*q + l, i = -5*q - 3*l + l + 45. Let s = q - 3. What is the remainder when 15 is divided by s?
3
Suppose g + 33 = -4*g + 3*t, 0 = -5*g - 4*t - 26. Let m be ((-4)/g)/(-3 + 696/234). Let y = 39 + m. What is the remainder when 63 is divided by y?
11
Let a = -7090 + 7592. What is the remainder when a is divided by 163?
13
Suppose 987*f + 62 = 992*f - 2*b, 5*f = -b + 44. Calculate the remainder when 1181 is divided by f.
1
What is the remainder when (16/12)/(10 + (-10736)/1074) is divided by 6?
4
Let h be ((-61)/((-549)/675))/(0 - (-3)/(-2)). Suppose -4*u + 286 = -g, 5*u + 3*g = 2*g + 353. Let c = h + u. What is the remainder when 81 is divided by c?
18
Suppose 15*v - 10*v - 75 = 0. Let o = 20 - v. Suppose 4*n - 98 + 18 = -4*q, 0 = o*q - 20. What is the remainder when 30 is divided by n?
14
Suppose -3*k + 3974 = 5*j, 0 = j + 5*k - 1247 + 439. Let p = j - 637. What is the remainder when p is divided by 79?
77
What is the remainder when 464 is divided by ((-27)/(-2) - 13)*346?
118
Let o(r) = -2*r**3 - 5*r**3 - 9*r + r**3 + 12*r**2 + 12 + 7*r**3 - 2*r**3. What is the remainder when o(10) is divided by 18?
14
Let b(k) = -5*k**2 + 125*k + 357. What is the remainder when 1 - (0 - (-684)/(-4)) is divided by b(27)?
85
Let z be (3/4)/((-297)/(-396)). Let a be (-3 - -5) + -2 + -2. Calculate the remainder when z/(-1*a/158) is divided by 20.
19
Let t = 149 - 104. Let k = t - 32. Let a(q) = -723*q + 88245. Calculate the remainder when a(122) is divided by k.
0
Suppose -114*j = -15129 - 18514 + 2234 + 4505. Suppose -5*k = -0*k - 200. What is the remainder when j is divided by k?
36
Suppose -2*k + 108 = -4*o, -13*o + 10*o = -k + 50. What is the remainder when k is divided by 13*1 + 5 + -5?
10
Suppose 0 = 5*z + 88*o - 83*o - 640, -z + 143 = -4*o. What is the remainder when 2747 is divided by z?
127
Let x = 215 + -227. Let i(q) = q + 132. What is the remainder when i(x) is divided by 4?
0
Let z = 11800 - 11780. What is the remainder when -2 + 3/1 - -115 is divided by z?
16
Let m(l) = 47*l + 1464. Suppose 3*n + n = 44. Calculate the remainder when m(-30) is divided by n.
10
Suppose 3*t + 719*c = 721*c + 1162, 4*t - 1541 = c. What is the remainder when t is divided by 303?
81
Let y be (-7)/2 - 1890/(-108). Suppose 3*u + 13 = 46. What is the remainder when (-1 + 3)/(y/203) is divided by u?
7
Let g = 136 - -86. Suppose -g = -5*k - 177. Calculate the remainder when 303 is divided by k.
6
Let z = 195 - 193. Suppose 2*d + z*d = 5*c + 226, 63 = d + 2*c. What is the remainder when d is divided by 18?
5
Suppose -x - 2*r + 25 = 0, -x + 5*r + 110 = 4*x. Suppose 42*w - 1380 = -27*w. Calculate the remainder when x is divided by w.
3
What is the remainder when 214 is divided by -3*(-24)/(-54)*2295/(-60)?
10
Let v be 1/2*(11 - -3). Calculate the remainder when 58 is divided by 280/(-490) - (-1 + (-109)/v).
10
Let u(y) = 12*y - 12. Let h be u(-6). Let g be (h/16)/(3/(-8)). Suppose p + 2*f = f - 2, -g = -p + 3*f. Calculate the remainder when 8 is divided by p.
0
Suppose -1319 = -17*l + 325 + 39. Calculate the remainder when 8115 is divided by l.
96
Let j(k) = -344*k + 5871. Let q(a) = 8*a - 4. Calculate the remainder when q(5) is divided by j(17).
13
Let w be (-51)/(-3) - 78/13. Suppose 260 = 24*d - w*d. Calculate the remainder when 31 is divided by d.
11
Suppose 0 = -9*g + 4*g + 55. Let q = g - -27. Calculate the remainder when q is divided by 24.
14
Let w(t) = 2*t**3 - 3*t**2 + t + 8. Let l(d) = d**2 - 15*d + 58. Let n be l(8). Calculate the remainder when w(n) is divided by 7.
0
Suppose -3*t - 117 = -3*g, 5*t + 25 + 65 = 2*g. Calculate the remainder when 2832 is divided by g.
32
Let j(v) = v**2 + 6*v + 10. Let g be j(-4). Suppose f + 7*t = g*t + 5, -4*f + 96 = t. What is the remainder when f is divided by 3?
1
Suppose 640*v - 28329 = 143*v. Calculate the remainder when 908 is divided by v.
53
Suppose -3*v + u - 9 = 17, 4*v - 4*u = -32. Let a be 3 + 2 + 3 - v/(-3). Suppose 9*r + a = 32. What is the remainder when 17 is divided by r?
2
Suppose 0 = -j - 4. Let p(g) = 7*g + 30. Let s be p(j). Suppose 5*c = 4*x - 324, 5*x - 251 = -s*c + 154. What is the remainder when x is divided by 21?
18
Suppose -3*s + 4*g + 33 = g, -s + 2*g = -8. Suppose u = 5*j + 1842, j + 282 = -2*u - 93. Let z = -318 - j. Calculate the remainder when z is divided by s.
9
What is the remainder when -2*9 + (-63812)/(-86) is divided by 334?
56
Let y be 2456/44 - (-2)/11. Suppose 62 = 3*w - 4*a, w + a = 4*w - y. Calculate the remainder when 56*(4/10 - 96/(-210)) is divided by w.
12
Suppose -288 = -32*n + 28*n. Let g(l) = 0*l - 6*l - 2*l + l**2 - 5. What is the remainder when n is divided by g(10)?
12
Let f(v) = -5 - 10 + v**3 + 8 + 10*v**2 - 5*v. Let q be f(-6). Suppose -y = 2*a - q, 3*y + 0*y + 66 = a. Calculate the remainder when a is divided by 21.
18
Suppose 2*t - 432 = 2*l, -10*t + 1130 = -5*t + 5*l. Let y = t - 212. Calculate the remainder when 152 is divided by y.
8
Let o(z) = z**2 + 14*z - 145. Calculate the remainder when o(-22) is divided by 22.
9
Let b(q) = -34*q - 32. Let h(p) be the second derivative of p**4/4 - p**3/2 + p**2/2 - 3*p. What is the remainder when b(-2) is divided by h(3)?
17
Let f = 43 - 37. Let o = -1729 - -1735. What is the remainder when o is divided by f?
0
Suppose -4*r - 5*v = -1316 + 312, -32 = -4*v. What is the remainder when r is divided by 49?
45
Suppose -4*t - 30 = 11*t. Suppose 0*z = 4*z - 608. What is the remainder when (z + -8)*(-1)/t is divided by 25?
22
Let r(u) = -2 + 9 - 5 + 13 + 2 + 4*u**2 - 9*u. What is the remainder when 114 is divided by r(4)?
24
Let z = -2972 - -3099. Calculate the remainder when 145 is divided by z.
18
Suppose 2*d - 148 - 40 = 26. What is the remainder when 338 is divided by d?
17
What is the remainder when 197 is divided by -1 + (-12)/(-7)*70/10?
10
Suppose -16 = 17*d - 21*d. Suppose -15*q + d*q = -253. What is the remainder when 24 is divided by q?
1
Let u = 8945 + -8621. Calculate the remainder when 981 is divided by u.
9
Let p = -12102 + 12605. What is the remainder when 1516 is divided by p?
7
Suppose 43575 = 91*s + 52*s - 38*s. What is the remainder when s is divided by 100?
15
Let l(m) = -m**2 + 4*m + 16. Let x be (-6)/1 - (1 - 4) - -8. Let v be l